{"version":"1.0","provider_name":"Agence VU&#039;","provider_url":"https:\/\/agencevu.com\/en\/","author_name":"Fanny Demichelis","author_url":"https:\/\/agencevu.com\/en\/author\/fanny\/","title":"Pauline et Pierre - Agence VU&#039;","type":"rich","width":600,"height":338,"html":"<blockquote class=\"wp-embedded-content\"><a href=\"https:\/\/agencevu.com\/en\/exhibition-for-rent\/pauline-et-pierre\/\">Pauline et Pierre<\/a><\/blockquote>\n<script type='text\/javascript'>\n<!--\/\/--><![CDATA[\/\/><!--\n\t\t\/*! This file is auto-generated *\/\n\t\t!function(d,l){\"use strict\";var e=!1,n=!1;if(l.querySelector)if(d.addEventListener)e=!0;if(d.wp=d.wp||{},!d.wp.receiveEmbedMessage)if(d.wp.receiveEmbedMessage=function(e){var t=e.data;if(t)if(t.secret||t.message||t.value)if(!\/[^a-zA-Z0-9]\/.test(t.secret)){for(var r,i,a,s=l.querySelectorAll('iframe[data-secret=\"'+t.secret+'\"]'),n=l.querySelectorAll('blockquote[data-secret=\"'+t.secret+'\"]'),o=new RegExp(\"^https?:$\",\"i\"),c=0;c<n.length;c++)n[c].style.display=\"none\";for(c=0;c<s.length;c++)if(r=s[c],e.source===r.contentWindow){if(r.removeAttribute(\"style\"),\"height\"===t.message){if(1e3<(a=parseInt(t.value,10)))a=1e3;else if(~~a<200)a=200;r.height=a}if(\"link\"===t.message)if(i=l.createElement(\"a\"),a=l.createElement(\"a\"),i.href=r.getAttribute(\"src\"),a.href=t.value,o.test(a.protocol))if(a.host===i.host)if(l.activeElement===r)d.top.location.href=t.value}}},e)d.addEventListener(\"message\",d.wp.receiveEmbedMessage,!1),l.addEventListener(\"DOMContentLoaded\",t,!1),d.addEventListener(\"load\",t,!1);function t(){if(!n){n=!0;for(var e,t,r=-1!==navigator.appVersion.indexOf(\"MSIE 10\"),i=!!navigator.userAgent.match(\/Trident.*rv:11\\.\/),a=l.querySelectorAll(\"iframe.wp-embedded-content\"),s=0;s<a.length;s++){if(!(e=a[s]).getAttribute(\"data-secret\"))t=Math.random().toString(36).substr(2,10),e.src+=\"#?secret=\"+t,e.setAttribute(\"data-secret\",t);if(r||i)(t=e.cloneNode(!0)).removeAttribute(\"security\"),e.parentNode.replaceChild(t,e)}}}}(window,document);\n\/\/--><!]]>\n<\/script><iframe sandbox=\"allow-scripts\" security=\"restricted\" src=\"https:\/\/agencevu.com\/en\/exhibition-for-rent\/pauline-et-pierre\/embed\/\" width=\"600\" height=\"338\" title=\"&#8220;Pauline et Pierre&#8221; &#8212; Agence VU&#039;\" frameborder=\"0\" marginwidth=\"0\" marginheight=\"0\" scrolling=\"no\" class=\"wp-embedded-content\"><\/iframe>","thumbnail_url":"https:\/\/agencevu.com\/wp-content\/uploads\/2020\/04\/Wurstemberger.jpg","thumbnail_width":275,"thumbnail_height":206,"description":"A former member of the Pontifical Swiss Guard, Hugues de Wurstemberger made a name for himself at the opening of the Mus\u00e9e de l'\u00c9lys\u00e9e in Lausanne in 1985 with his series of photographs devoted to the guards of the Vatican. Since 1986, he has been a member of the Vu agency."}

A former member of the Pontifical Swiss Guard, Hugues de Wurstemberger made a name for himself at the opening of the Musée de l'Élysée in Lausanne in 1985 with his series of photographs devoted to the guards of the Vatican. Since 1986, he has been a member of the Vu agency.
